third derivative of -1/4*o**4 + 0 + 0*o + 1/15*o**5 + 1/120*o**6 + 1/3*o**3 + 4*o**2. Calculate z(-5).
7
Let j(z) be the first derivative of -z**2 + 3*z + 12. Calculate j(5).
-7
Let r(f) = -5*f**2 + 2*f - 8. Let y(p) = -p**2 - 1. Let q(c) = r(c) - 6*y(c). Give q(-2).
-2
Suppose -5*o - 20 = 5*r, 2*o = -4*r - 1 - 11. Let b be (-18)/8 + r/(-8). Let i(t) = 4*t + 10 - 12 + 0. Determine i(b).
-10
Let w(n) = 2*n + 1. Let u be w(-6). Let r = u + 10. Let t(x) = -6*x + 1. Give t(r).
7
Let c(s) = -s - 1. Suppose -12 = -4*a - 3*t + 4*t, -4*a + 4*t = 0. Suppose 3*j - a*j + 2 = 0. What is c(j)?
-3
Let g(u) = -2*u**3 + 9*u**2 + 17*u - 6. Let d(n) = n**3 - 4*n**2 - 8*n + 3. Let t(z) = 13*d(z) + 6*g(z). What is t(-3)?
0
Let r(g) = -3 - g + 5*g - 3*g. Let i(t) = t + 4. Let m be i(4). Let v = -5 + m. Calculate r(v).
0
Let h = 6 + -3. Let t(a) = 2*a + 7 - 1 + 1 - 9. What is t(h)?
4
Let i be (2/6)/((-2)/6). Let s(y) = -5*y - 1. Let r be s(i). Let d(m) = r*m**2 - m - m - 3*m**2 - 2. What is d(3)?
1
Suppose 3*x - 4 = -1. Let m(s) = 11*s - 28*s - s**2 + 15*s + x. Give m(1).
-2
Let k(j) = -13*j**2 - 15*j - 15. Let m = -12 - -6. Let l(p) = -7*p**2 - 8*p - 8. Let w = 39 + -28. Let b(q) = m*k(q) + w*l(q). Give b(-2).
2
Suppose y + 3*s = 13, 2 = -2*y - s + 3. Let f(l) = l - 6. Let j be f(8). Let t(u) = 4*u**2 - 2*u**j - 6*u**2 - 2*u**3 - 4*u - 2. Give t(y).
6
Let g(a) be the third derivative of 0 - 1/2*a**3 - 1/24*a**4 + 1/60*a**5 + 0*a + 5*a**2. Determine g(0).
-3
Let z(o) = 8 + 0*o**2 - o**2 - 8 - 6*o. Determine z(-7).
-7
Let d be (-3)/12 + (-18)/(-8). Let o(h) = h**3 + 3*h**2 + 5 + 0*h**3 + 2*h - d*h**3. Calculate o(4).
-3
Let f(q) = q**3 - q + 7*q - 11*q - 2*q**2 - 2 + 4. Calculate f(3).
-4
Let k(i) be the third derivative of 2*i**5/15 + i**4/12 - i**3/6 + 5*i**2 - 2. Determine k(1).
9
Suppose 0 = 5*m - 2*w, -4*w + 2*w = 4*m. Suppose m = -q + 1 - 5. Let l(x) be the third derivative of x**5/60 + x**4/4 + 5*x**3/6 - x**2. Determine l(q).
-3
Let m(g) be the third derivative of -g**7/5040 + g**6/144 - g**5/12 + g**2. Let p(l) be the third derivative of m(l). Determine p(0).
5
Let d(b) = -7*b**2 - 15*b + 9. Let g(y) = 3*y**2 + 7*y - 5. Let j(m) = -2*d(m) - 5*g(m). Determine j(-7).
-7
Let t(m) be the first derivative of m**3/3 - m**2/2 + 3. Let j = 1 - 3. Let y = -4 - j. Determine t(y).
6
Suppose 5*f - f = 16. Let v(u) = -u**2 + u + 2. What is v(f)?
-10
Let l(o) = o**3 - 2*o**2 - 2*o + 2. Suppose -25 = 4*t + 15. Let m = -8 - t. Determine l(m).
-2
Let p be (0 - 2)*(-5)/2. Suppose -4*t + 2*t = 3*m - 21, 5*m + t - 28 = 0. Let b(y) = 3*y - 4*y + 1 + m. What is b(p)?
1
Let z be (-5)/(-4) + 2/(-8). Let j be 2 + (z - 4)*1. Let n(p) be the first derivative of -5*p**4/2 + p**3/3 - p + 4. Calculate n(j).
10
Let q(n) be the first derivative of n**4/2 - n**3/3 - n**2/2 - n - 4. Let w = -2 + 2. Suppose -1 + w = i. Determine q(i).
-3
Let c(l) be the third derivative of l**7/2520 - l**6/180 + l**5/24 + l**4/12 + 2*l**2. Let y(x) be the second derivative of c(x). Calculate y(5).
10
Let f(h) = -h**3 - 2*h**2 - 3*h - 3. Let t be f(-2). Let u(x) = 3*x**2 + 4*x - 4*x**2 - x - 3. Calculate u(t).
-3
Let u(s) = -2*s - 10*s**3 - 3 - 6*s**2 + 25*s**3 - 16*s**3. Let r(q) = 9*q - q**3 + 6*q**3 + 15 + 0 + 30*q**2. Let j(k) = -2*r(k) - 11*u(k). Determine j(-5).
8
Let d(f) = 4*f + 1. Let a(n) = -3*n - 6. Let s be a(-6). Let x = s - 8. Suppose 14 = -5*o + x. Give d(o).
-7
Let w = -8 + 6. Let p(q) = q**2 - 5*q - 5. Let x(u) = u**2 - u - 1. Let f(a) = -p(a) + 3*x(a). Determine f(w).
6
Let p(a) = -a - 9. Let s be p(-11). Let j(o) = -4*o**3 - 7*o**2 + 0 + 1 - 6*o + s*o**3 + o**3. Give j(-6).
1
Let k be 1/(3/(-27)*3). Let u(g) = g + 1 - 2*g + 5*g - g. Calculate u(k).
-8
Let o = 2 + 0. Let g(b) be the second derivative of -b**3/6 + 3*b**2/2 - 4*b. What is g(o)?
1
Let d(a) = -a**2 - a + 4. Let k be d(-4). Let v = k + 6. Let g(q) = -q**2 + 2*q - 1. Give g(v).
-9
Let t(z) be the second derivative of -z**5/20 + 3*z**4/4 + 2*z**3 - 15*z**2/2 + 6*z. Let o be t(10). Let q(v) = -v**3 + 4*v**2 + 4*v - 6. Give q(o).
-11
Let x(m) = -m**3 - 7*m**2 + 9*m + 8. Let s be x(-8). Let z(u) = u + 12 + 4 - 15 + 0*u**2 + u**2. Calculate z(s).
1
Let x(j) = 5*j - 9. Let h(a) = 9*a - 17. Let p(s) = 4*h(s) - 7*x(s). Let i be (-2)/(-3)*(1 + 8). Determine p(i).
1
Let b(g) = g**2 - 4*g + 5. Let h(n) = -n**2 + 5*n - 5. Let o(r) = 3*b(r) + 4*h(r). Determine o(8).
-5
Suppose -2 = -4*b + 2*b. Let h = 0 + b. Let m(r) = 2*r**2 - 3*r**2 + 1 + 4*r**2 - r. What is m(h)?
3
Suppose 16 = -k + 19. Let v(u) be the third derivative of 0*u + 1/60*u**5 - 5/6*u**k + 2*u**2 + 0 + 1/8*u**4. Calculate v(-5).
5
Let l(q) be the first derivative of 7*q**2/2 + 5. What is l(1)?
7
Suppose -4*k + 8*k = 16. Suppose 8 = 2*h - 5*z - 11, -4*h - k*z - 32 = 0. Let i(c) = -2*c**2 - c**3 - c - 2 + 0*c**2 - 2*c**2. Calculate i(h).
-8
Let q(g) = -g**3 + 4*g**2 - 3*g + 1. Suppose 4*t - 2*t = 12. Let a(j) = -j**3 + 7*j**2 - 7*j + 8. Let k be a(t). Let n be (k - 1 - 2)*-3. Calculate q(n).
1
Suppose 0 = h + 6 + 6. Let r = h + 7. Let d = r - -7. Let y(j) = 4*j - 2. Give y(d).
6
Let g(u) = -5*u - 6. Let w be (-1 - -3) + -4 + 3 + -5. Give g(w).
14
Let z(u) = 2*u**2 + 3*u - 3. Let q(t) = t**3 + 12*t**2 + t + 9. Let o be q(-12). Calculate z(o).
6
Let a(k) = k**2. Let g(j) = -4*j**2 - j - 11. Let v(h) = -5*a(h) - g(h). What is v(0)?
11
Let d(o) = 67*o - 139*o - 4*o**2 + 71*o + 1. Give d(2).
-17
Let d(x) = 120*x + 0*x**2 - 2 + 3 + 3*x**2 - 124*x + x**3. Calculate d(-4).
1
Let q(v) be the third derivative of -v**4/8 - v**3/6 + 2*v**2. Let l = 2 + 1. Suppose -l*c = 4*p - 3 - 7, 0 = 4*c + p + 4. Calculate q(c).
5
Let c(d) = 2*d + 7. Let g(w) = -w**2 + 3*w + 9. Let k be g(-3). Determine c(k).
-11
Let r(n) be the first derivative of n - 1. Let a(w) be the first derivative of -w**2 - 5*w + 1. Let l(j) = -a(j) - 6*r(j). Calculate l(-1).
-3
Let l(r) = -r**2 + 2*r. Suppose -8 = -5*p + 12. Determine l(p).
-8
Let w(z) = -z**3 + 7*z**2 - 6*z - 2. Suppose -3*x = 2*i + 2*x - 30, 3*i + 2*x - 23 = 0. Determine w(i).
18
Let v(d) be the second derivative of -d**5/20 - 3*d**4/4 - 4*d**3/3 + d**2 + 22*d. Give v(-8).
2
Suppose 0 = -5*w + 5*m + 25, -w + 3*w = -5*m + 3. Let l(q) be the third derivative of -q**6/120 + q**5/15 - q**4/24 - q**3/3 + 2*q**2. What is l(w)?
-6
Let g(u) = -4*u**3 - u**2 + u + 1. Let p be g(-1). Suppose 5*x = p*i + 2*x, 0 = -2*i + x + 5. Let c(d) = d**3 - 6*d**2 + 5*d - 4. Determine c(i).
-4
Let l(k) = 3*k**2 + 4*k + 2. Suppose -3*j + 4*s = 25 - 3, 5*j + 6 = -s. What is l(j)?
6
Suppose b - 10 + 3 = 0. Suppose -4*o - o = -80. Suppose b*y = 3*y + o. Let k(r) = r**3 - 3*r**2 - 3*r - 4. Give k(y).
0
Let g(k) = 5 - 7*k - 7 + 1. Give g(1).
-8
Let k(h) = 4*h**2 - 5*h - 7. Let a(t) = 5*t**2 - 4*t - 8. Let x(n) = 3*a(n) - 4*k(n). Give x(5).
19
Let y = -9 - -15. Let h(g) = -g - 9. Let u(v) be the third derivative of -v**4/24 - 4*v**3/3 - 3*v**2. Let j(z) = y*h(z) - 7*u(z). What is j(-4)?
-2
Let j = -16 + 20. Suppose -2*c + 2 = j. Let u(k) = -11*k**2 - k - 1. Give u(c).
-11
Let h(c) = 1. Let q(a) = 2*a + 1. Let z(x) = 2*h(x) - q(x). Determine z(-1).
3
Suppose 0 = 2*y - 4 - 4. Let b(g) = -7*g - y + g**2 + 2 + 0. Let s = -412 - -417. Calculate b(s).
-12
Let f(v) = v**3 + v + 8. Suppose -k = n - 0*k - 1, n - 1 = k. Let j be 2/(-10) - n/(-5). Calculate f(j).
8
Let g = 25 + -25. Let p(v) be the third derivative of 0 + 2/3*v**3 + 1/24*v**4 + v**2 + 0*v. Calculate p(g).
4
Let m(x) = x - 1. Let w(s) = s**2 - 5*s - 1. Let q be w(6). Suppose 1 + 9 = q*y. What is m(y)?
1
Let r(m) = -4*m. Let c(l) = l**3 + 4*l**2 + 3*l - 3. Let j be c(-3). Calculate r(j).
12
Let j(z) = -4 + 6*z - 4 + 5. Suppose -4*f = -4*l - l + 7, 13 = 5*f + l. What is j(f)?
9
Let q = -4 + 4. Let j = 2 - q. Let w = j + -3. Let f(b) = -6*b + 1. What is f(w)?
7
Let u = 4 - 2. Suppose -2*t - 2 = 0, -u*p + 2*t = 3*t + 9. Let m(c) = -c - 3. Determine m(p).
1
Let a(p) be the second derivative of p**5/20 + p**4/4 - p**3/6 - p**2/2 + p. Let j be (0 - -1)/(4/44). Suppose 4 = -5*r - j. Give a(r).
2
Let f(z) = -z + 1. Suppose y - 4*d = 24, -4*y + 10*d + 11 = 11*d. What is f(y)?
-3
Suppose 1 = f - 2. Let h(o) = -o**2 - 4*o + 3. Give h(f).
-18
Let j = 2 + -10. Let z(b) = -3*b + 17. Let r(f) = -f + 6. Let s(w) = j*r(w) + 3*z(w). Determine s(0).
3
L